{"id":109,"date":"2023-04-18T10:13:22","date_gmt":"2023-04-18T10:13:22","guid":{"rendered":"https:\/\/tic.pl\/?page_id=109"},"modified":"2024-08-14T01:43:44","modified_gmt":"2024-08-14T09:43:44","slug":"zabrze","status":"publish","type":"page","link":"https:\/\/tic.pl\/index.php\/zabrze\/","title":{"rendered":"Zabrze"},"content":{"rendered":"\n<p class=\"has-black-color has-text-color\"><strong>TIC Zabrze Sp. z o.o.<\/strong><br>ul. Wolno\u015bci 10, 41-800 Zabrze<br>Prezes Zarz\u0105du: Piotr W\u0105sik<\/p>\n\n\n\n<p class=\"has-black-color has-text-color\">Godziny otwarcia:<br>Pon. \u2013 Pt.: 7.00 \u2013 17.00<br>Sob.: 8.00 \u2013 13.00<\/p>\n\n\n\n<p class=\"has-black-color has-text-color\"><strong>OBS\u0141UGA DETALICZNA FIRM I INWESTYCJI<\/strong><br>tel. (32) 271 34 86<br>tel. (32) 330 48 00<br>e-mail: pw@tic.pl<\/p>\n\n\n\n<figure class=\"wp-block-image size-large\"><img loading=\"lazy\" decoding=\"async\" width=\"1024\" height=\"605\" src=\"https:\/\/tic.pl\/wp-content\/uploads\/2023\/09\/02-4-1024x605.jpg\" alt=\"\" class=\"wp-image-234\" srcset=\"https:\/\/tic.pl\/wp-content\/uploads\/2023\/09\/02-4-1024x605.jpg 1024w, https:\/\/tic.pl\/wp-content\/uploads\/2023\/09\/02-4-300x177.jpg 300w, https:\/\/tic.pl\/wp-content\/uploads\/2023\/09\/02-4-768x454.jpg 768w, https:\/\/tic.pl\/wp-content\/uploads\/2023\/09\/02-4-1536x908.jpg 1536w, https:\/\/tic.pl\/wp-content\/uploads\/2023\/09\/02-4-101x60.jpg 101w, https:\/\/tic.pl\/wp-content\/uploads\/2023\/09\/02-4.jpg 1864w\" sizes=\"auto, (max-width: 1024px) 100vw, 1024px\" \/><\/figure>\n\n\n\n<figure class=\"wp-block-gallery has-nested-images columns-default is-cropped wp-block-gallery-1 is-layout-flex wp-block-gallery-is-layout-flex\">\n<figure class=\"wp-block-image size-large\"><img loading=\"lazy\" decoding=\"async\" width=\"1024\" height=\"631\" data-id=\"236\" src=\"https:\/\/tic.pl\/wp-content\/uploads\/2023\/09\/01-2-1024x631.jpg\" alt=\"\" class=\"wp-image-236\" srcset=\"https:\/\/tic.pl\/wp-content\/uploads\/2023\/09\/01-2-1024x631.jpg 1024w, https:\/\/tic.pl\/wp-content\/uploads\/2023\/09\/01-2-300x185.jpg 300w, https:\/\/tic.pl\/wp-content\/uploads\/2023\/09\/01-2-768x473.jpg 768w, https:\/\/tic.pl\/wp-content\/uploads\/2023\/09\/01-2-1536x947.jpg 1536w, https:\/\/tic.pl\/wp-content\/uploads\/2023\/09\/01-2-2048x1262.jpg 2048w, https:\/\/tic.pl\/wp-content\/uploads\/2023\/09\/01-2-97x60.jpg 97w\" sizes=\"auto, (max-width: 1024px) 100vw, 1024px\" \/><\/figure>\n\n\n\n<figure class=\"wp-block-image size-large\"><img loading=\"lazy\" decoding=\"async\" width=\"1024\" height=\"758\" data-id=\"237\" src=\"https:\/\/tic.pl\/wp-content\/uploads\/2023\/09\/11-3-1024x758.jpg\" alt=\"\" class=\"wp-image-237\" srcset=\"https:\/\/tic.pl\/wp-content\/uploads\/2023\/09\/11-3-1024x758.jpg 1024w, https:\/\/tic.pl\/wp-content\/uploads\/2023\/09\/11-3-300x222.jpg 300w, https:\/\/tic.pl\/wp-content\/uploads\/2023\/09\/11-3-768x568.jpg 768w, https:\/\/tic.pl\/wp-content\/uploads\/2023\/09\/11-3-1536x1137.jpg 1536w, https:\/\/tic.pl\/wp-content\/uploads\/2023\/09\/11-3-2048x1515.jpg 2048w, https:\/\/tic.pl\/wp-content\/uploads\/2023\/09\/11-3-81x60.jpg 81w\" sizes=\"auto, (max-width: 1024px) 100vw, 1024px\" \/><\/figure>\n\n\n\n<figure class=\"wp-block-image size-large\"><img loading=\"lazy\" decoding=\"async\" width=\"1024\" height=\"761\" data-id=\"240\" src=\"https:\/\/tic.pl\/wp-content\/uploads\/2023\/09\/12-3-1024x761.jpg\" alt=\"\" class=\"wp-image-240\" srcset=\"https:\/\/tic.pl\/wp-content\/uploads\/2023\/09\/12-3-1024x761.jpg 1024w, https:\/\/tic.pl\/wp-content\/uploads\/2023\/09\/12-3-300x223.jpg 300w, https:\/\/tic.pl\/wp-content\/uploads\/2023\/09\/12-3-768x570.jpg 768w, https:\/\/tic.pl\/wp-content\/uploads\/2023\/09\/12-3-1536x1141.jpg 1536w, https:\/\/tic.pl\/wp-content\/uploads\/2023\/09\/12-3-2048x1521.jpg 2048w, https:\/\/tic.pl\/wp-content\/uploads\/2023\/09\/12-3-81x60.jpg 81w\" sizes=\"auto, (max-width: 1024px) 100vw, 1024px\" \/><\/figure>\n\n\n\n<figure class=\"wp-block-image size-large\"><img loading=\"lazy\" decoding=\"async\" width=\"1024\" height=\"704\" data-id=\"239\" src=\"https:\/\/tic.pl\/wp-content\/uploads\/2023\/09\/13-2-1024x704.jpg\" alt=\"\" class=\"wp-image-239\" srcset=\"https:\/\/tic.pl\/wp-content\/uploads\/2023\/09\/13-2-1024x704.jpg 1024w, https:\/\/tic.pl\/wp-content\/uploads\/2023\/09\/13-2-300x206.jpg 300w, https:\/\/tic.pl\/wp-content\/uploads\/2023\/09\/13-2-768x528.jpg 768w, https:\/\/tic.pl\/wp-content\/uploads\/2023\/09\/13-2-1536x1056.jpg 1536w, https:\/\/tic.pl\/wp-content\/uploads\/2023\/09\/13-2-87x60.jpg 87w, https:\/\/tic.pl\/wp-content\/uploads\/2023\/09\/13-2.jpg 2032w\" sizes=\"auto, (max-width: 1024px) 100vw, 1024px\" \/><\/figure>\n\n\n\n<figure class=\"wp-block-image size-large\"><img loading=\"lazy\" decoding=\"async\" width=\"1024\" height=\"618\" data-id=\"235\" src=\"https:\/\/tic.pl\/wp-content\/uploads\/2023\/09\/14-2-1024x618.jpg\" alt=\"\" class=\"wp-image-235\" srcset=\"https:\/\/tic.pl\/wp-content\/uploads\/2023\/09\/14-2-1024x618.jpg 1024w, https:\/\/tic.pl\/wp-content\/uploads\/2023\/09\/14-2-300x181.jpg 300w, https:\/\/tic.pl\/wp-content\/uploads\/2023\/09\/14-2-768x464.jpg 768w, https:\/\/tic.pl\/wp-content\/uploads\/2023\/09\/14-2-1536x928.jpg 1536w, https:\/\/tic.pl\/wp-content\/uploads\/2023\/09\/14-2-2048x1237.jpg 2048w, https:\/\/tic.pl\/wp-content\/uploads\/2023\/09\/14-2-99x60.jpg 99w\" sizes=\"auto, (max-width: 1024px) 100vw, 1024px\" \/><\/figure>\n\n\n\n<figure class=\"wp-block-image size-large\"><img loading=\"lazy\" decoding=\"async\" width=\"1024\" height=\"711\" data-id=\"238\" src=\"https:\/\/tic.pl\/wp-content\/uploads\/2023\/09\/15-2-1024x711.jpg\" alt=\"\" class=\"wp-image-238\" srcset=\"https:\/\/tic.pl\/wp-content\/uploads\/2023\/09\/15-2-1024x711.jpg 1024w, https:\/\/tic.pl\/wp-content\/uploads\/2023\/09\/15-2-300x208.jpg 300w, https:\/\/tic.pl\/wp-content\/uploads\/2023\/09\/15-2-768x533.jpg 768w, https:\/\/tic.pl\/wp-content\/uploads\/2023\/09\/15-2-1536x1067.jpg 1536w, https:\/\/tic.pl\/wp-content\/uploads\/2023\/09\/15-2-2048x1423.jpg 2048w, https:\/\/tic.pl\/wp-content\/uploads\/2023\/09\/15-2-86x60.jpg 86w\" sizes=\"auto, (max-width: 1024px) 100vw, 1024px\" \/><\/figure>\n\n\n\n<figure class=\"wp-block-image size-large\"><img loading=\"lazy\" decoding=\"async\" width=\"1024\" height=\"686\" data-id=\"241\" src=\"https:\/\/tic.pl\/wp-content\/uploads\/2023\/09\/16-2-1024x686.jpg\" alt=\"\" class=\"wp-image-241\" srcset=\"https:\/\/tic.pl\/wp-content\/uploads\/2023\/09\/16-2-1024x686.jpg 1024w, https:\/\/tic.pl\/wp-content\/uploads\/2023\/09\/16-2-300x201.jpg 300w, https:\/\/tic.pl\/wp-content\/uploads\/2023\/09\/16-2-768x514.jpg 768w, https:\/\/tic.pl\/wp-content\/uploads\/2023\/09\/16-2-1536x1028.jpg 1536w, https:\/\/tic.pl\/wp-content\/uploads\/2023\/09\/16-2-2048x1371.jpg 2048w, https:\/\/tic.pl\/wp-content\/uploads\/2023\/09\/16-2-90x60.jpg 90w\" sizes=\"auto, (max-width: 1024px) 100vw, 1024px\" \/><\/figure>\n\n\n\n<figure class=\"wp-block-image size-large\"><img loading=\"lazy\" decoding=\"async\" width=\"1024\" height=\"751\" data-id=\"242\" src=\"https:\/\/tic.pl\/wp-content\/uploads\/2023\/09\/17-2-1024x751.jpg\" alt=\"\" class=\"wp-image-242\" srcset=\"https:\/\/tic.pl\/wp-content\/uploads\/2023\/09\/17-2-1024x751.jpg 1024w, https:\/\/tic.pl\/wp-content\/uploads\/2023\/09\/17-2-300x220.jpg 300w, https:\/\/tic.pl\/wp-content\/uploads\/2023\/09\/17-2-768x564.jpg 768w, https:\/\/tic.pl\/wp-content\/uploads\/2023\/09\/17-2-1536x1127.jpg 1536w, https:\/\/tic.pl\/wp-content\/uploads\/2023\/09\/17-2-2048x1503.jpg 2048w, https:\/\/tic.pl\/wp-content\/uploads\/2023\/09\/17-2-82x60.jpg 82w\" sizes=\"auto, (max-width: 1024px) 100vw, 1024px\" \/><\/figure>\n\n\n\n<figure class=\"wp-block-image size-large\"><img loading=\"lazy\" decoding=\"async\" width=\"1024\" height=\"653\" data-id=\"243\" src=\"https:\/\/tic.pl\/wp-content\/uploads\/2023\/09\/18-2-1024x653.jpg\" alt=\"\" class=\"wp-image-243\" srcset=\"https:\/\/tic.pl\/wp-content\/uploads\/2023\/09\/18-2-1024x653.jpg 1024w, https:\/\/tic.pl\/wp-content\/uploads\/2023\/09\/18-2-300x191.jpg 300w, https:\/\/tic.pl\/wp-content\/uploads\/2023\/09\/18-2-768x490.jpg 768w, https:\/\/tic.pl\/wp-content\/uploads\/2023\/09\/18-2-1536x979.jpg 1536w, https:\/\/tic.pl\/wp-content\/uploads\/2023\/09\/18-2-2048x1306.jpg 2048w, https:\/\/tic.pl\/wp-content\/uploads\/2023\/09\/18-2-94x60.jpg 94w\" sizes=\"auto, (max-width: 1024px) 100vw, 1024px\" \/><\/figure>\n<\/figure>\n","protected":false},"excerpt":{"rendered":"<p>TIC Zabrze Sp. z o.o.ul. Wolno\u015bci 10, 41-800 ZabrzePrezes Zarz\u0105du: Piotr W\u0105sik Godziny otwarcia:Pon. \u2013 Pt.: 7.00 \u2013 17.00Sob.: 8.00 \u2013 13.00 OBS\u0141UGA DETALICZNA FIRM I INWESTYCJItel. (32) 271 34 86tel. (32) 330 48 00e-mail: pw@tic.pl<\/p>\n","protected":false},"author":1,"featured_media":0,"parent":0,"menu_order":0,"comment_status":"closed","ping_status":"closed","template":"","meta":{"ngg_post_thumbnail":0,"footnotes":""},"class_list":["post-109","page","type-page","status-publish","hentry"],"_links":{"self":[{"href":"https:\/\/tic.pl\/index.php\/wp-json\/wp\/v2\/pages\/109","targetHints":{"allow":["GET"]}}],"collection":[{"href":"https:\/\/tic.pl\/index.php\/wp-json\/wp\/v2\/pages"}],"about":[{"href":"https:\/\/tic.pl\/index.php\/wp-json\/wp\/v2\/types\/page"}],"author":[{"embeddable":true,"href":"https:\/\/tic.pl\/index.php\/wp-json\/wp\/v2\/users\/1"}],"replies":[{"embeddable":true,"href":"https:\/\/tic.pl\/index.php\/wp-json\/wp\/v2\/comments?post=109"}],"version-history":[{"count":3,"href":"https:\/\/tic.pl\/index.php\/wp-json\/wp\/v2\/pages\/109\/revisions"}],"predecessor-version":[{"id":811,"href":"https:\/\/tic.pl\/index.php\/wp-json\/wp\/v2\/pages\/109\/revisions\/811"}],"wp:attachment":[{"href":"https:\/\/tic.pl\/index.php\/wp-json\/wp\/v2\/media?parent=109"}],"curies":[{"name":"wp","href":"https:\/\/api.w.org\/{rel}","templated":true}]}}