{"id":41,"date":"2023-04-18T08:57:43","date_gmt":"2023-04-18T08:57:43","guid":{"rendered":"https:\/\/tic.pl\/?page_id=41"},"modified":"2023-04-19T05:54:47","modified_gmt":"2023-04-19T05:54:47","slug":"oferta","status":"publish","type":"page","link":"https:\/\/tic.pl\/index.php\/oferta\/","title":{"rendered":"Oferta"},"content":{"rendered":"\n<p class=\"has-black-color has-text-color has-medium-font-size\"><strong>W naszej ofercie znajdziecie Pa\u0144stwo:<br>FARBY, LAKIERY I TYNKI Z MIESZALNIK\u00d3W<br>DOBIERAMY KA\u017bDY KOLOR<\/strong><\/p>\n\n\n\n<p class=\"has-black-color has-text-color\"><strong>FARBY I LAKIERY &#8211; produkty gotowe<\/strong><br>\u2022EMULSJE WEWN\u0118TRZNE I ZEWN\u0118TRZNE<br>\u2022EMALIE FTALOWE I AKRYLOWE<br>\u2022LAKIERY I IMPREGNATY DO DREWNA<\/p>\n\n\n\n<p class=\"has-black-color has-text-color\"><strong>BUDOWA<\/strong><br>\u2022DOCIEPLENIA BUDYNK\u00d3W<br>\u2022HYDROIZOLACJE<br>\u2022SUCHA ZABUDOWA<br>\u2022SILIKONY, PIANY, AKRYLE, KLEJE<br>\u2022ZAPRAWY BUDOWLANE<br>\u2022BLOCZKI<br>\u2022MALOWANIE ELEWACJI<br>\u2022RYNNY STALOWE<br>\u2022POKRYCIA DACHOWE<br>\u2022NARZ\u0118DZIA<br>\u2022INSTALACJA<br>\u2022ROZCIE\u0143CZALNIKI<br><strong>FARBY PRZEMYS\u0141OWE<\/strong><br><strong>MIESZAMY DOWOLNE KOLORY wg. RAL i inne<br>DZIA\u0141 SAMOCHODOWY<\/strong><br>\u2022LAKIERY SAMOCHODOWE &#8211; gotowe i mieszane<br>\u2022\u015aRODKI DO KONSERWACJI I PIEL\u0118GNACJI<br>\u2022MATERIA\u0141Y \u015aCIERNE<br>\u2022KOSMETYKA SAMOCHODOWA<br>\u2022AKCESORIA<br><strong>WYKO\u0143CZENIE WN\u0118TRZA<\/strong><br>\u2022ARMATURA \u0141AZIENKOWA<br>\u2022P\u0141YTKI \u015aCIENNE I POD\u0141OGOWE<br>\u2022PANELE POD\u0141OGOWE I AKCESORIA MONTA\u017bOWE<br>\u2022EMULSJE WEWN\u0118TRZNE<br><strong>OGR\u00d3D<\/strong><br>\u2022SYSTEMY TARASOWE<br>\u2022NARZ\u0118DZIA OGRODOWE<br>\u2022UPRAWA I OCHRONA RO\u015aLIN<br>\u2022MASZYNY OGRODNICZE<br>\u2022LISTWY DREWNIANE MONTA\u017bOWE<br>\u2022KANT\u00d3WKI<br>\u2022\u015aRODKI OCHRONY DREWNA<br><strong>NARZ\u0118DZIA I ARTYKU\u0141Y<\/strong><br>\u2022AKCESORIA MALARSKIE<br>\u2022ELEKTRONARZ\u0118DZIA I AKCESORIA<br>\u2022AGREGATY MALARSKIE<br>\u2022KOMPRESORY<br>\u2022WENTYLATORY<br>\u2022NARZ\u0118DZIA R\u0118CZNE<br>\u2022UBRANIA ROBOCZE<br>\u2022PORZ\u0104DKI I CHEMIA<\/p>\n","protected":false},"excerpt":{"rendered":"<p>W naszej ofercie znajdziecie Pa\u0144stwo:FARBY, LAKIERY I TYNKI Z MIESZALNIK\u00d3WDOBIERAMY KA\u017bDY KOLOR FARBY I LAKIERY &#8211; produkty gotowe\u2022EMULSJE WEWN\u0118TRZNE I ZEWN\u0118TRZNE\u2022EMALIE FTALOWE I AKRYLOWE\u2022LAKIERY I IMPREGNATY DO DREWNA BUDOWA\u2022DOCIEPLENIA BUDYNK\u00d3W\u2022HYDROIZOLACJE\u2022SUCHA ZABUDOWA\u2022SILIKONY, PIANY, AKRYLE, KLEJE\u2022ZAPRAWY BUDOWLANE\u2022BLOCZKI\u2022MALOWANIE ELEWACJI\u2022RYNNY STALOWE\u2022POKRYCIA DACHOWE\u2022NARZ\u0118DZIA\u2022INSTALACJA\u2022ROZCIE\u0143CZALNIKIFARBY PRZEMYS\u0141OWEMIESZAMY DOWOLNE KOLORY wg. RAL i inneDZIA\u0141 SAMOCHODOWY\u2022LAKIERY SAMOCHODOWE &#8211; gotowe i mieszane\u2022\u015aRODKI DO KONSERWACJI I PIEL\u0118GNACJI\u2022MATERIA\u0141Y &hellip; <\/p>\n","protected":false},"author":1,"featured_media":0,"parent":0,"menu_order":0,"comment_status":"closed","ping_status":"closed","template":"","meta":{"ngg_post_thumbnail":0,"footnotes":""},"class_list":["post-41","page","type-page","status-publish","hentry"],"_links":{"self":[{"href":"https:\/\/tic.pl\/index.php\/wp-json\/wp\/v2\/pages\/41","targetHints":{"allow":["GET"]}}],"collection":[{"href":"https:\/\/tic.pl\/index.php\/wp-json\/wp\/v2\/pages"}],"about":[{"href":"https:\/\/tic.pl\/index.php\/wp-json\/wp\/v2\/types\/page"}],"author":[{"embeddable":true,"href":"https:\/\/tic.pl\/index.php\/wp-json\/wp\/v2\/users\/1"}],"replies":[{"embeddable":true,"href":"https:\/\/tic.pl\/index.php\/wp-json\/wp\/v2\/comments?post=41"}],"version-history":[{"count":5,"href":"https:\/\/tic.pl\/index.php\/wp-json\/wp\/v2\/pages\/41\/revisions"}],"predecessor-version":[{"id":159,"href":"https:\/\/tic.pl\/index.php\/wp-json\/wp\/v2\/pages\/41\/revisions\/159"}],"wp:attachment":[{"href":"https:\/\/tic.pl\/index.php\/wp-json\/wp\/v2\/media?parent=41"}],"curies":[{"name":"wp","href":"https:\/\/api.w.org\/{rel}","templated":true}]}}