{"id":93,"date":"2023-04-18T09:57:44","date_gmt":"2023-04-18T09:57:44","guid":{"rendered":"https:\/\/tic.pl\/?page_id=93"},"modified":"2025-06-12T01:04:39","modified_gmt":"2025-06-12T09:04:39","slug":"akcjonariat","status":"publish","type":"page","link":"https:\/\/tic.pl\/index.php\/akcjonariat\/","title":{"rendered":"Akcjonariat"},"content":{"rendered":"\n<figure class=\"wp-block-image size-full\"><img loading=\"lazy\" decoding=\"async\" width=\"1810\" height=\"2560\" src=\"https:\/\/tic.pl\/wp-content\/uploads\/2025\/06\/tic-walne-scaled.png\" alt=\"\" class=\"wp-image-927\" srcset=\"https:\/\/tic.pl\/wp-content\/uploads\/2025\/06\/tic-walne-scaled.png 1810w, https:\/\/tic.pl\/wp-content\/uploads\/2025\/06\/tic-walne-212x300.png 212w, https:\/\/tic.pl\/wp-content\/uploads\/2025\/06\/tic-walne-724x1024.png 724w, https:\/\/tic.pl\/wp-content\/uploads\/2025\/06\/tic-walne-768x1086.png 768w, https:\/\/tic.pl\/wp-content\/uploads\/2025\/06\/tic-walne-1086x1536.png 1086w, https:\/\/tic.pl\/wp-content\/uploads\/2025\/06\/tic-walne-1448x2048.png 1448w, https:\/\/tic.pl\/wp-content\/uploads\/2025\/06\/tic-walne-42x60.png 42w\" sizes=\"auto, (max-width: 1810px) 100vw, 1810px\" \/><\/figure>\n\n\n\n<figure class=\"wp-block-image size-large\"><img loading=\"lazy\" decoding=\"async\" width=\"724\" height=\"1024\" src=\"https:\/\/tic.pl\/wp-content\/uploads\/2025\/06\/tic-walne-2-724x1024.png\" alt=\"\" class=\"wp-image-928\" srcset=\"https:\/\/tic.pl\/wp-content\/uploads\/2025\/06\/tic-walne-2-724x1024.png 724w, https:\/\/tic.pl\/wp-content\/uploads\/2025\/06\/tic-walne-2-212x300.png 212w, https:\/\/tic.pl\/wp-content\/uploads\/2025\/06\/tic-walne-2-768x1086.png 768w, https:\/\/tic.pl\/wp-content\/uploads\/2025\/06\/tic-walne-2-1086x1536.png 1086w, https:\/\/tic.pl\/wp-content\/uploads\/2025\/06\/tic-walne-2-1448x2048.png 1448w, https:\/\/tic.pl\/wp-content\/uploads\/2025\/06\/tic-walne-2-42x60.png 42w, https:\/\/tic.pl\/wp-content\/uploads\/2025\/06\/tic-walne-2-scaled.png 1810w\" sizes=\"auto, (max-width: 724px) 100vw, 724px\" \/><\/figure>\n\n\n\n<figure class=\"wp-block-image size-large\"><img loading=\"lazy\" decoding=\"async\" width=\"724\" height=\"1024\" src=\"https:\/\/tic.pl\/wp-content\/uploads\/2025\/06\/tic-walne-3-724x1024.png\" alt=\"\" class=\"wp-image-929\" srcset=\"https:\/\/tic.pl\/wp-content\/uploads\/2025\/06\/tic-walne-3-724x1024.png 724w, https:\/\/tic.pl\/wp-content\/uploads\/2025\/06\/tic-walne-3-212x300.png 212w, https:\/\/tic.pl\/wp-content\/uploads\/2025\/06\/tic-walne-3-768x1086.png 768w, https:\/\/tic.pl\/wp-content\/uploads\/2025\/06\/tic-walne-3-1086x1536.png 1086w, https:\/\/tic.pl\/wp-content\/uploads\/2025\/06\/tic-walne-3-1448x2048.png 1448w, https:\/\/tic.pl\/wp-content\/uploads\/2025\/06\/tic-walne-3-42x60.png 42w, https:\/\/tic.pl\/wp-content\/uploads\/2025\/06\/tic-walne-3-scaled.png 1810w\" sizes=\"auto, (max-width: 724px) 100vw, 724px\" \/><\/figure>\n\n\n\n<p><a href=\"https:\/\/tic.pl\/wp-content\/uploads\/2025\/06\/TIC-SA-Sprawozd-Zarzadu-za-2024-LB-DS.pdf\" data-type=\"link\" data-id=\"https:\/\/tic.pl\/wp-content\/uploads\/2025\/06\/TIC-SA-Sprawozd-Zarzadu-za-2024-LB-DS.pdf\">SPRAWOZDANIE ZARZ\u0104DU ZA 2024 r.<\/a><\/p>\n\n\n\n<p><a href=\"https:\/\/tic.pl\/wp-content\/uploads\/2025\/06\/TICSABILANS.pdf\" data-type=\"link\" data-id=\"https:\/\/tic.pl\/wp-content\/uploads\/2025\/06\/TICSABILANS.pdf\"><strong>BILANS<\/strong><\/a><\/p>\n\n\n\n<p><a href=\"https:\/\/tic.pl\/wp-content\/uploads\/2025\/06\/TICSARZiS.pdf\" data-type=\"link\" data-id=\"https:\/\/tic.pl\/wp-content\/uploads\/2025\/06\/TICSARZiS.pdf\"><strong>RACHUNEK ZYSK\u00d3W I STRAT<\/strong><\/a><\/p>\n\n\n\n<p><a href=\"https:\/\/tic.pl\/wp-content\/uploads\/2025\/06\/TICSASPRFIN.pdf\" data-type=\"link\" data-id=\"https:\/\/tic.pl\/wp-content\/uploads\/2025\/06\/TICSASPRFIN.pdf\"><strong>SPRAWOZDANIE NIEZALE\u017bNEGO BIEG\u0141EGO REWIDENTA<\/strong><\/a><\/p>\n\n\n\n<p><a href=\"https:\/\/tic.pl\/wp-content\/uploads\/2025\/06\/TICSADODINF.pdf\" data-type=\"link\" data-id=\"https:\/\/tic.pl\/wp-content\/uploads\/2025\/06\/TICSADODINF.pdf\"><strong>DODATKOWE INFORMACJE<\/strong><\/a><\/p>\n\n\n\n<p><\/p>\n","protected":false},"excerpt":{"rendered":"<p>SPRAWOZDANIE ZARZ\u0104DU ZA 2024 r. BILANS RACHUNEK ZYSK\u00d3W I STRAT SPRAWOZDANIE NIEZALE\u017bNEGO BIEG\u0141EGO REWIDENTA DODATKOWE INFORMACJE<\/p>\n","protected":false},"author":1,"featured_media":0,"parent":0,"menu_order":0,"comment_status":"closed","ping_status":"closed","template":"","meta":{"ngg_post_thumbnail":0,"footnotes":""},"class_list":["post-93","page","type-page","status-publish","hentry"],"_links":{"self":[{"href":"https:\/\/tic.pl\/index.php\/wp-json\/wp\/v2\/pages\/93","targetHints":{"allow":["GET"]}}],"collection":[{"href":"https:\/\/tic.pl\/index.php\/wp-json\/wp\/v2\/pages"}],"about":[{"href":"https:\/\/tic.pl\/index.php\/wp-json\/wp\/v2\/types\/page"}],"author":[{"embeddable":true,"href":"https:\/\/tic.pl\/index.php\/wp-json\/wp\/v2\/users\/1"}],"replies":[{"embeddable":true,"href":"https:\/\/tic.pl\/index.php\/wp-json\/wp\/v2\/comments?post=93"}],"version-history":[{"count":8,"href":"https:\/\/tic.pl\/index.php\/wp-json\/wp\/v2\/pages\/93\/revisions"}],"predecessor-version":[{"id":930,"href":"https:\/\/tic.pl\/index.php\/wp-json\/wp\/v2\/pages\/93\/revisions\/930"}],"wp:attachment":[{"href":"https:\/\/tic.pl\/index.php\/wp-json\/wp\/v2\/media?parent=93"}],"curies":[{"name":"wp","href":"https:\/\/api.w.org\/{rel}","templated":true}]}}